ommon divisor of 165 and 297.
33
Calculate the greatest common divisor of 21 and 49.
7
Calculate the highest common factor of 8643 and 129.
129
Calculate the highest common divisor of 14 and 2786.
14
Calculate the highest common divisor of 147 and 483.
21
Calculate the highest common factor of 80 and 145.
5
What is the highest common divisor of 140 and 245?
35
What is the highest common divisor of 28 and 161?
7
What is the highest common divisor of 4581 and 9?
9
Calculate the highest common factor of 326 and 4.
2
Calculate the greatest common factor of 3630 and 264.
66
What is the highest common divisor of 101 and 3?
1
Calculate the highest common divisor of 1716 and 55.
11
Calculate the highest common divisor of 12 and 8.
4
Calculate the greatest common factor of 369 and 861.
123
What is the greatest common factor of 225 and 324?
9
Calculate the highest common divisor of 240 and 465.
15
What is the greatest common factor of 132 and 60?
12
Calculate the highest common factor of 26 and 2626.
26
Calculate the highest common divisor of 1422 and 72.
18
Calculate the highest common divisor of 72 and 117.
9
What is the greatest common divisor of 9 and 29439?
9
Calculate the greatest common factor of 1664 and 234.
26
What is the greatest common divisor of 160 and 50?
10
Calculate the highest common factor of 6200 and 2108.
124
Calculate the greatest common factor of 2950 and 118.
118
What is the greatest common divisor of 12 and 16?
4
Calculate the greatest common divisor of 28 and 70.
14
Calculate the greatest common factor of 335 and 52930.
335
Calculate the highest common factor of 1 and 18.
1
What is the highest common factor of 2 and 376?
2
What is the greatest common factor of 8 and 5652?
4
What is the greatest common factor of 8 and 424?
8
What is the greatest common divisor of 6061 and 304?
19
What is the greatest common divisor of 105 and 375?
15
What is the highest common divisor of 20 and 3820?
20
What is the highest common factor of 14875 and 17?
17
What is the greatest common divisor of 229 and 1?
1
What is the highest common divisor of 15 and 200?
5
Calculate the greatest common divisor of 10809 and 9.
9
Calculate the highest common divisor of 7301 and 149.
149
Calculate the highest common divisor of 12 and 4.
4
Calculate the greatest common divisor of 64 and 32.
32
What is the greatest common factor of 22 and 7348?
22
Calculate the highest common divisor of 65 and 169.
13
What is the highest common divisor of 1652 and 1400?
28
What is the greatest common divisor of 16 and 68?
4
What is the highest common divisor of 7 and 10157?
7
What is the greatest common factor of 86 and 5074?
86
Calculate the greatest common divisor of 324 and 4716.
36
What is the highest common factor of 44 and 110?
22
Calculate the greatest common factor of 38 and 2.
2
What is the greatest common divisor of 115 and 4508?
23
Calculate the greatest common factor of 153 and 93.
3
What is the greatest common factor of 110 and 1930?
10
What is the greatest common divisor of 33 and 2739?
33
Calculate the greatest common divisor of 486 and 18.
18
What is the greatest common factor of 9271 and 219?
73
Calculate the greatest common factor of 56 and 588.
28
Calculate the greatest common factor of 144 and 344.
8
Calculate the greatest common factor of 364 and 812.
28
What is the greatest common factor of 5 and 65?
5
What is the greatest common divisor of 369 and 1558?
41
What is the greatest common divisor of 737 and 11?
11
What is the highest common factor of 68 and 1989?
17
What is the greatest common factor of 4 and 236?
4
Calculate the greatest common divisor of 43146 and 188.
94
What is the highest common factor of 188 and 470?
94
Calculate the greatest common divisor of 55 and 9427.
11
What is the greatest common divisor of 129 and 3?
3
What is the highest common factor of 8 and 250?
2
What is the highest common factor of 20 and 980?
20
What is the greatest common factor of 552 and 299?
23
What is the highest common factor of 6 and 147?
3
What is the highest common factor of 536 and 8?
8
Calculate the highest common factor of 1494 and 36.
18
Calculate the highest common divisor of 206 and 103.
103
Calculate the greatest common factor of 324 and 24.
12
What is the highest common factor of 11 and 25817?
11
What is the greatest common divisor of 1029 and 357?
21
Calculate the greatest common divisor of 24 and 24.
24
What is the greatest common factor of 6714 and 9?
9
What is the greatest common factor of 665 and 245?
35
What is the highest common factor of 129 and 16125?
129
What is the highest common divisor of 117 and 767?
13
Calculate the greatest common factor of 5 and 125.
5
What is the greatest common divisor of 31 and 279?
31
What is the greatest common divisor of 255 and 135?
15
What is the highest common factor of 50 and 225?
25
What is the highest common divisor of 882 and 98?
98
What is the greatest common divisor of 168 and 189?
21
What is the greatest common divisor of 2480 and 100?
20
Calculate the greatest common divisor of 1411 and 1162.
83
Calculate the highest common divisor of 396 and 110.
22
What is the highest common factor of 39 and 104?
13
What is the highest common divisor of 94 and 1927?
47
What is the highest common factor of 164 and 16?
4
Calculate the highest common factor of 12 and 60.
12
Calculate the greatest common divisor of 112 and 56.
56
Calculate the greatest common divisor of 511 and 14.
7
What is the greatest common factor of 133 and 1652?
7
What is the greatest common factor of 72 and 10692?
36
What is the greatest common factor of 18827 and 281?
281
What is the highest common divisor of 480 and 384?
96
Calculate the highest common divisor of 75 and 85.
5
What is the greatest common divisor of 48 and 1584?
48
Calculate the highest common factor of 42402 and 222.
222
Calculate the highest common factor of 42 and 7210.
14
What is the greatest common divisor of 795 and 6?
3
Calculate the highest common divisor of 3 and 327.
3
Calculate the highest common divisor of 6 and 15.
3
What is the highest common factor of 11344 and 16?
16
Calculate the greatest common divisor of 5267 and 1603.
229
What is the highest common factor of 2 and 26?
2
Calculate the greatest common factor of 352 and 1632.
32
What is the greatest common divisor of 17 and 3?
1
Calculate the greatest common factor of 8 and 18.
2
Calculate the highest common divisor of 29 and 10440.
29
What is the greatest common factor of 10 and 12830?
10
What is the greatest common factor of 234 and 2262?
78
Calculate the greatest common divisor of 198 and 954.
18
What is the highest common factor of 27 and 1971?
27
What is the greatest common factor of 75 and 6720?
15
Calculate the highest common divisor of 506 and 69.
23
Calculate the highest common divisor of 1 and 53.
1
Calculate the highest common divisor of 18 and 11511.
9
Calculate the greatest common divisor of 1365 and 345.
15
Calculate the highest common divisor of 129 and 215.
43
Calculate the highest common factor of 64 and 176.
16
What is the highest common divisor of 248 and 136?
8
Calculate the highest common divisor of 60 and 948.
12
Calculate the highest common factor of 618 and 36050.
206
What is the highest common divisor of 159 and 689?
53
What is the highest common divisor of 124 and 806?
62
What is the highest common divisor of 88 and 209?
11
What is the greatest common divisor of 224 and 504?
56
Calculate the highest common divisor of 96 and 128.
32
What is the greatest common divisor of 835 and 1837?
167
What is the greatest common factor of 17617 and 316?
79
What is the greatest common factor of 124 and 2294?
62
Calculate the highest common factor of 351 and 273.
39
Calculate the highest common divisor of 3173 and 19.
19
What is the highest common divisor of 256 and 544?
32
Calculate the highest common factor of 722 and 608.
38
Calculate the greatest common factor of 68 and 13260.
68
Calculate the greatest common factor of 54 and 4671.
27
Calculate the greatest common divisor of 66 and 132.
66
Calculate the highest common divisor of 6570 and 315.
45
What is the highest common divisor of 318 and 7738?
106
Calculate the highest common divisor of 10944 and 72.
72
Calculate the greatest common divisor of 94 and